Let r = 17 + d. What is the tens digit of r?
1
Suppose 0 = 14*d - d - 1573. What is the tens digit of d?
2
Suppose 4*r + 3 - 11 = 0. Let n = 5 - r. What is the units digit of n?
3
What is the units digit of (621/(-36))/(3/(-4))?
3
Let d(z) = -7*z - 4. Let w be d(-5). Let t(c) = -4*c**2 + 2*c. Let h be t(-2). Let g = w + h. What is the units digit of g?
1
Suppose 3*c + 0 + 9 = 0. Let n(a) = -5*a + 4. Let d be n(c). Suppose -2*s = -s - d. What is the units digit of s?
9
Let x = -21 - -64. What is the units digit of x?
3
Let j(t) = t**3 - 11*t**2 + 3. Let y be j(11). Suppose y*i - 112 = -i. What is the units digit of i?
8
Let v(u) be the third derivative of -u**6/120 - 2*u**5/15 + u**4/24 + 5*u**3/3 - u**2. Let g be v(-8). What is the units digit of (2 - 1) + -1 + g?
2
Let h(y) = -y**3 + 6*y**2 + 4. Let n be h(6). What is the units digit of (-10)/(-4) - n/(-8)?
3
Suppose -k = 2, -4*l + 2*k + 1 + 83 = 0. What is the tens digit of l?
2
Let p be 1/3 - (-82)/6. Suppose p = 2*a - 2*v - 0*v, -2*a + 5 = v. Let j(o) = 3*o - 5. What is the units digit of j(a)?
7
Let c(y) = 5*y - 2. Let r(m) = m. Let w(f) = -c(f) + 4*r(f). Let a be 2/2*(2 - 2). What is the units digit of w(a)?
2
Suppose -4*y + 2*y - 4 = 0. What is the units digit of (-33)/y - 5/10?
6
Let v(t) be the second derivative of -t**5/20 - t**4/4 - t**3/3 + t**2/2 - t. What is the units digit of v(-2)?
1
Let c(q) = q**3 - 8*q**2 - 7*q + 12. Let j(w) = w**3 - 2*w**2 - w + 3. Let p be j(3). What is the units digit of c(p)?
0
Suppose -4*m + 9 = -m + 3*c, 3*c + 12 = 4*m. Let f = m + 1. What is the units digit of f?
4
Suppose 2*u = -3*u + 155. What is the units digit of u?
1
Let j = 1 + 1. Suppose 0 = 4*f - 2*k + k - 9, -j*f - 9 = -5*k. Suppose -f*d = 2*d - 80. What is the units digit of d?
6
Let m(g) = 7*g**3 + 6*g + 4. Let f(n) = n**3 + n**2 + n. Let t(b) = -6*f(b) + m(b). Let z be t(6). What is the units digit of 3 + (z/1)/2?
5
Suppose 0 = d + 6 - 4. What is the tens digit of (3 - (-4)/d)*39?
3
Let c(o) = o**3 + 12*o**2 + 7*o - 6. What is the units digit of c(-10)?
4
Suppose 2*z - 3*t - 27 = 0, -3*z + t = z - 29. Suppose 2 = 2*s - z. What is the units digit of s?
4
Let w(n) = 2*n**2 - 3*n - 2. What is the units digit of w(3)?
7
Let q be ((-1)/(-1))/(-1 - -2). Let d be (-3 + 11)/q*10. Suppose -2*s = 3*s - d. What is the units digit of s?
6
Let y = 8 - 5. Suppose 4*n = y*j + 10 + 12, -n + 4*j = 1. Let k = n - 6. What is the units digit of k?
1
Suppose 2*j + 3*d - 24 = -2*j, -6 = -j + 4*d. Let g = -6 + j. Suppose u - 8 + 2 = g. What is the units digit of u?
6
Let l(c) = -2*c - 4. Suppose -2*z = -5*i + z - 17, -4*z = 3*i + 16. Let a be l(i). Suppose 10*j - 5*j = a*h + 8, 24 = 4*h + 3*j. What is the units digit of h?
3
Let m = 1 + 6. Let x = 17 - m. What is the units digit of x?
0
Let v = -17 - -41. What is the tens digit of v?
2
Let j = -8 + 7. What is the units digit of 9 + (j - -3 - 3)?
8
Suppose 2*w - 4*w = -3*d + 15, 3*w = 5*d - 20. What is the units digit of (w/(-2))/(5/10)?
5
Suppose -3*r + r = -22. Suppose b - 12 = r. What is the units digit of b?
3
What is the tens digit of ((-2)/3)/((50/1305)/(-5))?
8
Let u = 4 + -10. Let v be 3 + -1 + 1 + u. Let c(y) = -4*y + 1. What is the units digit of c(v)?
3
Suppose -3*t = -4*t + 7. What is the units digit of t?
7
What is the tens digit of ((-26)/6*10)/((-4)/6)?
6
Let p(q) = q**2 - 3*q - 10. What is the tens digit of p(9)?
4
Let d(s) = s - 6. Let a be d(5). Let u(n) = -3*n**3. Let z be u(a). Suppose z*w = 2*w + 7. What is the units digit of w?
7
Suppose 0*j = -3*j - 12. Let v(w) = -w**2 - 2*w + 1. Let q be v(j). Let y(g) = -g**2 - 9*g + 1. What is the tens digit of y(q)?
1
Let h(g) = g**3 + 13*g**2 + 8*g - 1. Suppose -3*v - 46 = -4*z - z, -2*z + 52 = -4*v. What is the tens digit of h(v)?
4
Suppose -3*s - 2*r - r = -6, 0 = -r + 1. Let c be 26*s + 0 + -1. Suppose -4*o = o - c. What is the units digit of o?
5
Suppose h - 2*p = -p + 91, 0 = 3*p + 3. Suppose -38 = -5*q - u + 34, 5*q - h = 5*u. What is the units digit of q?
5
Let l(z) = z - 6. Suppose 2*h - 10 - 4 = 0. What is the units digit of l(h)?
1
Suppose -n + 14 + 6 = 0. Suppose -3*h - 1 = n. Let b = -5 - h. What is the units digit of b?
2
Suppose -5*m = 5*u - 665, 2*m - 210 = -4*u + 46. What is the hundreds digit of m?
1
Suppose 3*x + 3*a = 228, -5*a + 33 + 27 = x. What is the tens digit of x?
8
Let m = -215 + 345. What is the hundreds digit of m?
1
Let j(n) = 2*n**2 - n. Let m be j(2). Let x = 4 - m. Let w(u) = -2*u. What is the units digit of w(x)?
4
Suppose x = -2*x + 15. Suppose 0 = x*q - 11 - 9. Suppose -q*b + o = -b - 31, -o - 7 = -b. What is the units digit of b?
2
Let p = -34 - -56. What is the tens digit of p?
2
What is the tens digit of (1 + (-1)/3)/(4/354)?
5
Let k(y) = -y**3 - 7*y**2 - 3*y - 7. Let p(l) = -l**2 - 1. Let m(s) = k(s) - 4*p(s). Let a be m(-2). What is the units digit of (2 - (2 - a))*-8?
8
Suppose -15 = -3*s - 0*s + 3*f, -2*s + 19 = f. What is the units digit of s/28 + 306/7?
4
Let w(l) = l**2 - 7*l - 11. Let m be w(8). Let s = 1 - m. Suppose -4*x - 4*c = -36, -s*x - x = c - 33. What is the units digit of x?
6
Let n(p) = -p**3 + 5*p**2 + 2*p. Let o be n(-4). Suppose 0 = -5*z + z + o. What is the units digit of z?
4
Suppose 10 = h - 4*y, -2*y = 5*h + 4 - 32. Suppose -10 = -7*x - 52. What is the units digit of (x/3 - -4) + h?
8
What is the units digit of 6/(-3)*(-235)/10?
7
Let p(w) = -w**3 + 3*w**2 + 3*w + 3. Let v be p(3). Suppose -4*m + 0 + v = 0. Suppose -m*k = q + 3*q - 38, 20 = 2*q + k. What is the units digit of q?
1
Let l(j) = j**3 + 5*j**2 - j + 6. Let h be l(-5). Suppose 5*f + 4*z = 62 + 31, 3*z = f - h. What is the tens digit of f?
1
Let u be 12/(-8)*8/(-3). Suppose -3*c - 2 = -5*f + f, -4*f = -8. Suppose u*r + c*t = 5*t + 26, 30 = 3*r + 3*t. What is the units digit of r?
8
Suppose -3*d + 76 = -131. What is the units digit of d?
9
Let s(m) = -m**2 - 6*m + 3. Let x(r) = r. Let k be x(-4). What is the units digit of s(k)?
1
Let a(k) = -41*k - 7. What is the tens digit of a(-3)?
1
What is the units digit of -1 + -3 + 5 - -85?
6
Let p be ((-6)/5)/(-3)*65. Let c = 36 - p. What is the units digit of c?
0
Suppose 309 + 1735 = 7*d. What is the tens digit of d?
9
Let w = 76 + 61. What is the units digit of w?
7
Let u = 0 + 5. Let b = 0 + u. What is the units digit of b?
5
Suppose 4*b - 4 = 8, 4*b + 198 = 5*u. What is the units digit of u?
2
Let y = 6 - 4. Let o = y + -1. What is the units digit of o?
1
Let b(h) = 3*h - 5. Let v be 4 + 3 + (-3)/1. What is the units digit of b(v)?
7
Suppose -3*d = -10 - 8. Suppose 0 = -b + d*b - 20. Suppose q = r + 9 + 2, -b*q = -5*r - 48. What is the units digit of q?
7
Suppose 2*b + 9 = -5*x - 0*x, 3*b + 5*x = -6. Let v be -1 + 0 - (-62 - 4). Suppose -5*o - 26 + v = -3*z, b*o - 3*z - 27 = 0. What is the units digit of o?
6
Suppose 4*o = -3*u - 12 + 125, 0 = -3*u - o + 98. What is the units digit of u?
1
Let z(c) be the third derivative of 7*c**5/60 + c**4/12 - c**3/6 - 3*c**2. What is the units digit of z(1)?
8
Let b = -12 + 24. Suppose 3*n + 3*o = -0*o + b, 3*n - 4*o + 9 = 0. What is the units digit of n?
1
Let m(o) = -16*o**2 - 11*o - 1. Let l(h) = 3*h**2 + 2*h. Let d(z) = 11*l(z) + 2*m(z). Let u be d(2). What is the units digit of 1*((u - -7) + -2)?
7
Suppose -m - 3*x = -0*x, 3*x + 15 = 4*m. Let s(v) = v**2 - 3*v + 3. Let d be s(3). Let l = m + d. What is the units digit of l?
6
Suppose -6*b = -12*b + 888. What is the tens digit of b?
4
Let a(m) = m**3 - 3*m**2 + 4*m - 2. Let v be a(2). Suppose -v*u + 0 = -26. What is the tens digit of u?
1
Let l be (28/10)/(2/(-10)). Let x = -8 - l. What is the units digit of x?
6
Suppose -x - 4*x = a - 233, -a = 2*x - 95. Suppose -m + x = m. What is the units digit of m?
3
Let y be 30/(-9)*9/(-6). Suppose 3*a = 3*o - 39, y*o + 14 = -5*a - 11. Let m = -4 - a. What is the units digit of m?
5
Let u be (-2)/(-8) + 22/8. Let x(f) be the first derivative of f**2 - 4. What is the units digit of x(u)?
6
What is the hundreds digit of 1/((-1)/(-134)) + (-9)/(-3)?
1
Suppose -3*t + 31 = -q, t + 0*q - 13 = -q. Suppose -4*j + t = -101. What is the tens digit of j?
2
Let z(r) = 2*r - 2. Let p be z(3). Suppose -4*l + 0*w = -5*w + 2, -l + p*w = 6. What is the units digit of l?
2
Suppose 6*c = -4*n + 4*c + 80, 0 = -5*n 